= t. What is the remainder when f is divided by l?
3
Let h(t) = -t**2 - 13*t + 13. Let m(z) = z**3 + 4*z**2 - 3*z. What is the remainder when h(-5) is divided by m(2)?
17
Let w(v) = -v**2 + 8*v - 3. Let u(r) = r**3 - 2*r**2 - 3*r + 2. Let s be u(3). Suppose s*k + 6 = 3*k. Calculate the remainder when 17 is divided by w(k).
8
Suppose -4*t - 32 = -5*u - 107, -2*u = 6. Suppose 4*r - 32 = -0*r. Let p = 17 - r. What is the remainder when t is divided by p?
6
Suppose -4*v + 4*w = -68, -v + 2*w - 6*w = -2. What is the remainder when 48 is divided by v?
6
Suppose -5*z = -22 - 58. Suppose -3*h + 80 + z = 0. Let r(u) = u**2 + 2*u - 4. What is the remainder when h is divided by r(3)?
10
Let b = 44 - 19. Let w(j) = 5*j**2 - 2*j + 2. Calculate the remainder when w(4) is divided by b.
24
Let i(r) = -5*r - 2. Let g(q) = q**3 - 12*q**2 + q - 4. What is the remainder when i(-5) is divided by g(12)?
7
Let g(u) = u**2 + u - 3. Let x be g(3). Let s = x + 32. Calculate the remainder when s is divided by (-300)/(-21) + (-2)/7.
13
What is the remainder when 21 is divided by 0 - (-3)/3 - -10?
10
Let b = 10 - -9. What is the remainder when b is divided by 6?
1
Suppose -4*j = 8, 2*q + 2*j = -6 + 60. Let m be (-2)/(-3) + 116/6. Let x = m + -10. Calculate the remainder when q is divided by x.
9
Let a(u) = u**3 - 8*u**2 + 2*u + 4. Let w be a(8). What is the remainder when ((-4)/(-10))/((-3)/(-105)) is divided by (-1 + 0)/((-4)/w)?
4
Let z = -4 + 4. Let u = z + 4. Suppose -1 = d, -3*s - 5*d + 6 + 28 = 0. Calculate the remainder when s is divided by u.
1
Let g = -11 + 7. Calculate the remainder when (-5)/1 - 24/(-2) is divided by 0 - 0/(-1) - g.
3
Suppose 0*x + 4*x - 12 = 0. Suppose 0 = o - 0*o - x. Calculate the remainder when o is divided by 3.
0
Calculate the remainder when 165 is divided by (5 + 4/2)/(11/22).
11
What is the remainder when 4 is divided by ((-1*2)/(-2))/(1/4)?
0
Let w be (-4)/(-6)*45/6. Suppose -113 = -w*j + 57. Suppose -2*t + 9 = b, -j = -5*b - 9. What is the remainder when 4 is divided by t?
0
Let b = 162 + -153. What is the remainder when 177 is divided by b?
6
Suppose -2*s = -s + 7. Let k = s + 13. What is the remainder when 10 is divided by k?
4
Let q(w) = 3*w**2 - 6*w - 8. Let u = -161 - -48. Let x = -67 - u. Calculate the remainder when x is divided by q(-2).
14
Suppose 4*n = 12, 5*u - 5*n - 174 = 46. Let p(g) = g**3 - 7*g**2 + 2*g + 5. Let i be p(7). Let t = i + -7. Calculate the remainder when u is divided by t.
11
Suppose 3*t = -o + 3*o + 43, -5 = -t - 4*o. What is the remainder when t is divided by 8?
5
Suppose b = -3*h + 31, 2*h = -2*b + 18 - 4. Calculate the remainder when 33 is divided by h.
9
Let j = 31 + -24. What is the remainder when j is divided by 3?
1
Let z be (6/15)/((-3)/(-570)). Suppose 0 = -4*d - 20 + z. Let i = d + -2. Calculate the remainder when i is divided by 5.
2
Let s(n) be the second derivative of -n**5/20 - 3*n**4/4 + 4*n**3/3 - 5*n**2 + n. Suppose -10 = z - 0*z. What is the remainder when 18 is divided by s(z)?
8
Let r be 9/3 + 10 - 0. Let q = 6 + r. Calculate the remainder when 54 is divided by q.
16
Let i(q) = -q**2 + 9*q - 8. What is the remainder when i(7) is divided by 5?
1
Suppose -3*m = 2*m - 10. What is the remainder when (12/9)/(m/6) is divided by 2?
0
Let d(z) = 2 - 7 - 5 + 2*z. Calculate the remainder when 21 is divided by d(9).
5
Suppose -g - 3*g + 404 = 0. Let j = g - 56. What is the remainder when j is divided by 24?
21
Suppose 0 = -5*k + 233 + 247. What is the remainder when k is divided by 9?
6
What is the remainder when 26 - ((1 - -3) + -3) is divided by 7?
4
Suppose 6*b - 586 = 176. What is the remainder when b is divided by 32?
31
Suppose o - 2 + 0 = 0. Let d(z) = 2*z**2 - 2*z - 1. Let y be d(o). Calculate the remainder when 9 is divided by (0/y)/3 + 5.
4
Let w(q) = q**2 - 2*q + 3. Let z be w(2). What is the remainder when -1 + z + (-1 - -19) is divided by 7?
6
Suppose 55 = p - 38. What is the remainder when p is divided by 32?
29
Suppose 0*f = -4*f + 76. What is the remainder when 73 is divided by f?
16
Suppose 0 = s - 5*d - 57 - 12, 285 = 5*s - 5*d. What is the remainder when s is divided by 12?
6
Let p be (2/(-5))/(4/(-20)). Suppose -8 = -3*o - p. Suppose 0 = -s - o*z + 28, 3*s + z = 5*z + 104. What is the remainder when s is divided by 11?
10
Suppose -2*w + 3*w - 5 = 0. Suppose 2*y + 3*x + 10 = 0, -w*y + x - 1 = 7. What is the remainder when 33 is divided by y/(-8) + (-134)/(-8)?
16
Suppose -l + 4*x + 95 = 0, -96 = -3*l - 2*x + 231. Suppose l + 68 = 5*w. Calculate the remainder when w is divided by (-9)/3 + 5 - -10.
11
Calculate the remainder when 160 is divided by (-6 + 60/6)*46/8.
22
Let w = -8 + 7. What is the remainder when -18*w*(-6)/(-4) is divided by 10?
7
Let t = -621 + 659. Let n(r) = 2*r**2 - 8*r + 3. What is the remainder when t is divided by n(5)?
12
Let m = 21 - 20. Calculate the remainder when 2 is divided by m.
0
Suppose -4*x + 5*o = -0*x - 11, -o = 2*x - 23. Suppose -3*w = x, p - 14 = 3*w + w. What is the remainder when 3 is divided by p?
1
Let s = 25 - 4. Let f = -75 - -136. Calculate the remainder when f is divided by s.
19
Suppose 1 = -b + 3*u, -3*b + u + 23 = -b. What is the remainder when 39 is divided by b?
11
Let o(c) = -c**2 - 11*c + 14. Suppose -k - 2 = -4. What is the remainder when k is divided by o(-12)?
0
Let k(q) = q**2 - 15*q + 2. What is the remainder when 57 is divided by k(16)?
3
Let g be (-20)/5 + 3 + 3. Let w = g - -10. Calculate the remainder when 71 is divided by w.
11
Let z be 74/6 - (-2)/3. Suppose 3*g + z = 1. Let r(c) = c**3 + 6*c**2 + 3*c - 3. What is the remainder when 49 is divided by r(g)?
15
Suppose -f = -5*q + 59, 5*q + 2*f = 44 + 3. Calculate the remainder when 41 is divided by q.
8
Let s(q) = q**3 - 7*q**2 + 9*q - 8. What is the remainder when 39 is divided by s(6)?
9
Suppose -4*l + 70 = l. Suppose 4*g - 5*t - 46 = 3, 2*g - 5*t = 37. Calculate the remainder when l is divided by 52/g + (-8)/12.
6
Suppose -1 = t - 0. Let a(b) = -6*b**3 + b**2 + b + 1. Calculate the remainder when (2/3)/((-4)/(-78)) is divided by a(t).
6
Suppose -d + 3*d = 2. What is the remainder when 1 is divided by d?
0
Let a be -4 + 3 + (-18)/3. What is the remainder when 4 is divided by 1*-2 - (a + 2)?
1
Suppose h = -3*h + 80. Let l be (9/6)/((-2)/12). Let z = l + h. Calculate the remainder when z is divided by 6.
5
Let r(m) = 2*m**2 - 4*m - 3. What is the remainder when r(-4) is divided by 23?
22
Calculate the remainder when 1/((-5)/435*-3) is divided by 17.
12
Suppose -3*v = -b - 112, -2*b - 34 = -0*v - v. What is the remainder when v is divided by (3/(-2))/((-3)/20)?
8
Let i(r) = r**3 - 26*r**2 + 27*r - 29. Calculate the remainder when 104 is divided by i(25).
20
Suppose 6 = 3*h, h + 15 = 4*g - 51. What is the remainder when 42 is divided by g?
8
Let q(h) = 16*h - 1. Let l(k) = k. Let f(a) = 4*l(a) - q(a). Calculate the remainder when 51 is divided by f(-1).
12
Let o(w) be the first derivative of w**3/3 + 5*w**2 + 10*w + 1. Calculate the remainder when o(-9) is divided by 1.
0
Let k = -121 + 230. Let w = k + -68. What is the remainder when w is divided by 11?
8
What is the remainder when 19 is divided by ((-31)/124)/(2/(-88) + 0)?
8
Let r(y) = -y**2 - 6*y + 11. Calculate the remainder when 14 is divided by r(-7).
2
Let p = 96 - 62. Calculate the remainder when p is divided by 18.
16
Let w(g) = -5*g**2 - 7*g + 6. Let r be w(5). Let v = r - -69. Calculate the remainder when 14 is divided by (-1)/2 - v/10.
6
Suppose -2*m = p - 39, 2*p + 0*p + 41 = 3*m. Calculate the remainder when 101 is divided by m.
16
Let k(n) = -7*n + 4. What is the remainder when 70 is divided by k(-3)?
20
Suppose -77 = -5*u - 4*r + 16, 5*u - 108 = r. What is the remainder when u is divided by 5 - (0 - 1) - 0?
3
Suppose 0 = 2*z - 5*f - 8, f = -0 + 2. Let v(r) = r**3 - 6*r**2 - 6*r + 8. Suppose -2*s = -4 - 10. Calculate the remainder when v(s) is divided by z.
6
Let n = 1 - -8. Suppose -w - 2*b - 134 = -5*w, 55 = 2*w - 5*b. What is the remainder when w is divided by n?
8
Suppose 0 = -2*g, -3*n - 3*g + 22 = -11. What is the remainder when 32 is divided by n?
10
Let x(v) = -2*v**2 + 18. Calculate the remainder when 142 is divided by x(0).
16
Suppose -f + 18 = -10. Let k = -26 + 107. What is the remainder wh